{"id":17,"date":"2011-05-13T07:22:18","date_gmt":"2011-05-13T07:22:18","guid":{"rendered":"http:\/\/www.orupslantgard.se\/?page_id=17"},"modified":"2021-06-10T08:57:00","modified_gmt":"2021-06-10T08:57:00","slug":"hyr-boende","status":"publish","type":"page","link":"https:\/\/www.orupslantgard.se\/?page_id=17","title":{"rendered":"Hyr boende"},"content":{"rendered":"<p>G\u00e4sthuset best\u00e5r av ett stort vardagsrum( 60 m2) kombinerat med stort modernt k\u00f6k och 4 sovrum. 2 toaletter, ett badrum med bastu. Totalt 120 m2 boyta.<\/p>\n<p>Under sommarm\u00e5naderna hyrs g\u00e5rdens g\u00e4sthus ut till turister via <a href=\"http:\/\/www.atraveo.se\/935413\" target=\"_blank\" rel=\"noopener noreferrer\">Atraveo<\/a>. Under \u00e5rets \u00f6vriga m\u00e5nader hyrs g\u00e4sthuset av studenter och forskare fr\u00e5n Lunds Universitet.<\/p>\n<p><strong>Ta en virituell tur i rummen.<\/strong> V\u00e4lj rum s\u00e5 \u00f6ppnas rummet i ett nytt f\u00f6nster. H\u00e5ll sedan ner muspekaren f\u00f6r att f\u00f6rflytta dig i rummet.<\/p>\n<table border=\"0\">\n<tbody>\n<tr>\n<td><a href=\"pano\/koket.html\" target=\"_blank\" rel=\"noopener noreferrer\"><img loading=\"lazy\" class=\"alignleft wp-image-137\" src=\"https:\/\/www.orupslantgard.se\/wp-content\/uploads\/2015\/08\/koket.png\" alt=\"K\u00f6ket\" width=\"93\" height=\"87\" \/><\/a><\/td>\n<td><a href=\"pano\/room01.html\" target=\"_blank\" rel=\"noopener noreferrer\"><img loading=\"lazy\" class=\"alignleft wp-image-278\" src=\"https:\/\/www.orupslantgard.se\/wp-content\/uploads\/2015\/08\/rum1.png\" alt=\"Rum 1\" width=\"93\" height=\"87\" \/><\/a><\/td>\n<td><a href=\"pano\/room02.html\" target=\"_blank\" rel=\"noopener noreferrer\"><img loading=\"lazy\" class=\"alignleft wp-image-279 \" src=\"https:\/\/www.orupslantgard.se\/wp-content\/uploads\/2015\/08\/rum2.png\" alt=\"Rum 2\" width=\"93\" height=\"87\" \/><\/a><\/td>\n<td><a href=\"pano\/room03.html\" target=\"_blank\" rel=\"noopener noreferrer\"><img loading=\"lazy\" class=\"alignleft wp-image-280 \" src=\"https:\/\/www.orupslantgard.se\/wp-content\/uploads\/2015\/08\/rum3.png\" alt=\"Rum 3\" width=\"93\" height=\"87\" \/><\/a><\/td>\n<\/tr>\n<tr>\n<td>K\u00f6ket<\/td>\n<td>Sovrum 1<\/td>\n<td>Sovrum 2<\/td>\n<td>Sovrum 3<\/td>\n<\/tr>\n<tr>\n<td><\/td>\n<td><\/td>\n<td><\/td>\n<td><\/td>\n<\/tr>\n<tr>\n<td><a href=\"pano\/room04.html\" target=\"_blank\" rel=\"noopener noreferrer\"><img loading=\"lazy\" class=\"alignleft wp-image-281 \" src=\"https:\/\/www.orupslantgard.se\/wp-content\/uploads\/2015\/08\/rum4.png\" alt=\"Rum 4\" width=\"93\" height=\"87\" \/><\/a><\/td>\n<td><a href=\"pano\/upstairs.html\" target=\"_blank\" rel=\"noopener noreferrer\"><img loading=\"lazy\" class=\"alignleft wp-image-281 \" src=\"https:\/\/www.orupslantgard.se\/wp-content\/uploads\/2015\/08\/trappan.png\" alt=\"\u00d6verv\u00e5ningen\" width=\"93\" height=\"87\" \/><\/a><\/td>\n<td><a href=\"pano\/outside.html\" target=\"_blank\" rel=\"noopener noreferrer\"><img loading=\"lazy\" class=\"alignleft wp-image-282 \" src=\"https:\/\/www.orupslantgard.se\/wp-content\/uploads\/2015\/08\/utomhus.png\" alt=\"Utsidan\" width=\"93\" height=\"87\" \/><\/a><\/td>\n<td><a href=\"pano\/front.html\" target=\"_blank\" rel=\"noopener noreferrer\"><img loading=\"lazy\" class=\"alignleft wp-image-276 \" src=\"https:\/\/www.orupslantgard.se\/wp-content\/uploads\/2015\/08\/framsidan.png\" alt=\"Framsidan\" width=\"93\" height=\"87\" \/><\/a><\/td>\n<\/tr>\n<tr>\n<td>Sovrum 4<\/td>\n<td>Hall uppe<\/td>\n<td>Terass<\/td>\n<td>Entr\u00e9<\/td>\n<\/tr>\n<tr>\n<td><a href=\"pano\/bathroom.html\" target=\"_blank\" rel=\"noopener noreferrer\"><img loading=\"lazy\" class=\"alignleft wp-image-281 \" src=\"http:\/\/www.orupslantgard.se\/wp-content\/uploads\/2015\/10\/badrum.png\" alt=\"Badrum\" width=\"93\" height=\"87\" \/><\/a><\/td>\n<td><\/td>\n<td><\/td>\n<td><\/td>\n<\/tr>\n<tr>\n<td>Badrum<\/td>\n<td><\/td>\n<td><\/td>\n<td><\/td>\n<\/tr>\n<\/tbody>\n<\/table>\n","protected":false},"excerpt":{"rendered":"<p>G\u00e4sthuset best\u00e5r av ett stort vardagsrum( 60 m2) kombinerat med stort modernt k\u00f6k och 4 sovrum. 2 toaletter, ett badrum med bastu. Totalt 120 m2 boyta. Under sommarm\u00e5naderna hyrs g\u00e5rdens g\u00e4sthus ut till turister via Atraveo. Under \u00e5rets \u00f6vriga m\u00e5nader hyrs g\u00e4sthuset av studenter och forskare fr\u00e5n Lunds Universitet. Ta en virituell tur i rummen. &#8230; <a title=\"Hyr boende\" class=\"read-more\" href=\"https:\/\/www.orupslantgard.se\/?page_id=17\" aria-label=\"Mer p\u00e5 Hyr boende\">L\u00e4s mer<\/a><\/p>\n","protected":false},"author":2,"featured_media":0,"parent":0,"menu_order":2,"comment_status":"closed","ping_status":"closed","template":"","meta":{"ngg_post_thumbnail":0},"_links":{"self":[{"href":"https:\/\/www.orupslantgard.se\/index.php?rest_route=\/wp\/v2\/pages\/17"}],"collection":[{"href":"https:\/\/www.orupslantgard.se\/index.php?rest_route=\/wp\/v2\/pages"}],"about":[{"href":"https:\/\/www.orupslantgard.se\/index.php?rest_route=\/wp\/v2\/types\/page"}],"author":[{"embeddable":true,"href":"https:\/\/www.orupslantgard.se\/index.php?rest_route=\/wp\/v2\/users\/2"}],"replies":[{"embeddable":true,"href":"https:\/\/www.orupslantgard.se\/index.php?rest_route=%2Fwp%2Fv2%2Fcomments&post=17"}],"version-history":[{"count":64,"href":"https:\/\/www.orupslantgard.se\/index.php?rest_route=\/wp\/v2\/pages\/17\/revisions"}],"predecessor-version":[{"id":433,"href":"https:\/\/www.orupslantgard.se\/index.php?rest_route=\/wp\/v2\/pages\/17\/revisions\/433"}],"wp:attachment":[{"href":"https:\/\/www.orupslantgard.se\/index.php?rest_route=%2Fwp%2Fv2%2Fmedia&parent=17"}],"curies":[{"name":"wp","href":"https:\/\/api.w.org\/{rel}","templated":true}]}}